ine g(2).
-5
Suppose -5*k - 8 = h + 29, 3*k + 2*h = -25. Let w be k + (-10)/5 + 5. Let p(f) = f**2 + 5*f + 6. Determine p(w).
2
Let m = 215 - 213. Let a(z) = 4*z**2 - 19 - 5*z**m - 2*z + 9 + 12. What is a(-3)?
-1
Suppose -20 = -22*k + 2. Let m(h) = k - 118*h**2 + 117*h**2 + 3 - 5 + h. Determine m(1).
-1
Let g = -2 - 6. Let h(f) be the third derivative of -f**5/120 - f**4/2 + 19*f**3/3 - 2*f**2 - 2. Let w(v) be the first derivative of h(v). Calculate w(g).
-4
Let g(c) = 3*c**2 + 12*c - 148. Let f(p) = p**2 - 3*p - 3. Let m(x) = -4*f(x) + g(x). What is m(10)?
4
Suppose 0 = -3*k + 3*w + 9, k - 15 = -2*k - 3*w. Let z(o) = 232*o + 8874*o**3 - 8873*o**3 - 5*o**2 - 10 - 224*o. Determine z(k).
6
Let s(y) = 3*y - 4. Suppose 8*u - 18*u = -170. Suppose u*t = -0*t - 51. Determine s(t).
-13
Let r(w) = -9*w**3 - 2*w**2 - 4*w. Let f(k) = k**2 - 179*k + 2897. Let n be f(161). What is r(n)?
11
Let n(u) = -2*u**2 - 14*u - 16. Suppose v - 35 = 5*s, -13*s + 8*s + 2*v = 30. Determine n(s).
-32
Let j(h) = h**3 + 52*h**2 + 149*h + 106. Let k be j(-49). Let s be 4/(-16) + (-49)/(-4). Let p(n) = s + 0*n**2 + 2*n**2 - n**2 - 10*n. Give p(k).
-4
Let w = -2267 + 2270. Let p(n) = -13*n + 32. Give p(w).
-7
Let o = 5589 + -5578. Let u(q) = 4*q - 37. What is u(o)?
7
Let y = -42 + 47. Suppose 5*l - 57 - 84 = -j, -j - 139 = -y*l. Let g = l - 28. Let v(w) = -w**3 + w**2 + 3. Calculate v(g).
3
Suppose -14 - 24 = -19*u. Suppose -i - 13 = 5*j - 2, -u*i = -5*j + 7. Let s(v) = -v**3 - 5*v**2 + 5*v - 2. Calculate s(i).
4
Let r be (-9)/(-2)*(-4)/(-6). Let j(z) = -4*z + 2*z**2 + 3*z - 4*z + 731 - 358 - 369. What is j(r)?
7
Let m(g) = -20*g**3 - 19*g**2 - 61*g - 67. Let u(j) = 9*j**3 + 10*j**2 + 30*j + 33. Let l(w) = -4*m(w) - 9*u(w). What is l(-12)?
-5
Let o(b) = -2*b + 0*b - 4 - 2*b + 8*b - 2. Suppose 28*f - 156 = 15*f. Calculate o(f).
42
Let k(c) = 14*c. Suppose 2*i = 4*l + 40, 0 = -121*l + 126*l + i + 43. Calculate k(l).
-126
Let y be 2 + -2 - 4 - (23 + 21/(-1)). Let d(m) = 8 - 2*m + m + 4*m. Determine d(y).
-10
Let x(r) = r**2 - 5*r - 1. Let u(h) = -h**2 + 6*h. Let j(i) = -5*u(i) - 6*x(i). Let y be (13 - 14) + 3/((-9)/(-12)). What is j(y)?
-3
Suppose 3*g = 5*g - 12. Let i(j) = -j**2 - 6 + g*j + j + 0*j. Let q be 8/(-3696)*-2661 + (-189)/882 - (-6)/(-11). Give i(q).
4
Let x(g) = -g**2 - g - 5. Let v be 138/27 - 7*(-7)/(-441). Suppose -4*r + v = 3*k, 3*r + 5*k + 11 = 1. Give x(r).
-35
Let l(t) be the second derivative of -1/20*t**5 - 5/12*t**4 + 1/3*t**3 - t**2 + 7 + 21*t. Calculate l(-6).
22
Let u(q) = -q**2 + 12*q + 21. Suppose -101*a + 103*a + 4 = d, 3*a = -3*d - 15. Determine u(d).
-7
Let d(b) = b**3 + 2*b - 4. Let y be d(3). Suppose -11 + y = 3*a. Let c(w) = 7 - 5*w + 5*w - a*w + 5*w. Calculate c(5).
2
Let w be 3/(3 - (-365)/(-120)). Let a = w + 72. Let f(r) = -r**3 + r**2 + r + 9. Calculate f(a).
9
Let j = -43 - -43. Let h be 3/3 + (2 - -6) - -2. Let m(u) = -h*u - 3 + 12*u - 5 + 1. What is m(j)?
-7
Let x(h) = h**2 + h - 4. Suppose r + 2*l = -27, r - 4*l + 5 = 2. Let q = r - -33. Suppose 2*m - 22 = 4*o, -2*o + m = -m + q. Give x(o).
8
Let f(n) = -22*n**2 + 23*n - 26. Let s(c) = -15*c**2 + 20*c - 24. Let t(p) = -2*f(p) + 3*s(p). Give t(2).
4
Let c be (-40)/(-6) - (-8)/(-12). Let f(s) be the second derivative of s**4/12 - 11*s**3/6 + 9*s**2/2 + 299*s - 3. What is f(c)?
-21
Let g(p) = p**3 + 2*p**2 - 15*p + 7. Let d be g(-5). Let x(t) = t + 1. Let u(f) = -5*f + 8. Let y(j) = u(j) + 4*x(j). What is y(d)?
5
Let y(o) = -o**2 + 9*o - 13. Suppose -2*b + 2*u = -92, -3*u = b + 3*b - 170. Let c be 7/(28/b) - 4. Calculate y(c).
1
Let s(w) = -6*w - 2. Let t(o) = 11*o + 3. Let y(f) = 5*s(f) + 3*t(f). Suppose 2*v = 0, -2 - 4 = -3*l - 48*v + 49*v. What is y(l)?
5
Let y(v) = v - 10. Suppose -67*t = -4*s - 64*t - 9, 3*s + t + 23 = 0. Give y(s).
-16
Let b(l) be the second derivative of -5*l**3/3 + l**2/2 - 386*l + 2. Let c be (3/(-5))/((-6)/30). Give b(c).
-29
Let f = 142 - 140. Let q(a) = -2*a - 3*a - 6 - 50*a**2 + 0*a + 48*a**f. Determine q(-5).
-31
Let m(o) = -o**2 + 13*o - 15. Let f be m(10). Let j be 1 + (-1 - -1) + f. Suppose 20 = -6*x - j. Let u(v) = v**3 + 6*v**2 + v + 5. Give u(x).
-1
Let t(a) be the first derivative of -a**2/2 + a + 224. Let b = 30 + -15. Let g = -14 + b. Calculate t(g).
0
Let x(k) = k**2 - 5*k + 3. Suppose 0 = 4*l + h - 6, -4*l - 602 + 604 = 3*h. Give x(l).
-3
Let p(u) = 2*u**2 + u + 9. Let a(h) = -6*h**2 - 29. Let w(t) = 3*a(t) + 10*p(t). Give w(-4).
-5
Suppose 5*g = -3*h + 130, 44 = 3*g - 6*h + h. Suppose -g = -12*k + 1. Let z(q) = 4*q - q + 7*q**2 - 6 - q**3 - 3*q - k*q. What is z(6)?
18
Let q be -4 + 5 + (90 - 1). Let w = q - 88. Let x(v) = 5 + 0*v**2 - 3*v**2 + 0*v**w - 8*v + 2*v**2. What is x(-9)?
-4
Let i(t) be the first derivative of -1 + t + 0*t**2 - 11/3*t**3. Suppose -5529 = -10271*c + 8232 - 3490. Give i(c).
-10
Let w(u) = 5*u**2 + 49*u + 110. Let a be w(-5). Let v(m) = 6*m + 68. Calculate v(a).
8
Let x(v) = -118*v**3 + 4*v**2 + 24*v - 6. Let y(u) = 131*u**3 - 4*u**2 - 26*u + 7. Let d(r) = -10*x(r) - 9*y(r). Calculate d(-2).
-15
Let f(r) = r**3 + 81*r**2 + 234*r + 44. Let k be f(-78). Let x(q) = q**2 - 44*q - 5. Determine x(k).
-5
Let x(b) = 5*b - 103. Suppose 0 = -2*w - 3*i + 12 + 28, -5*w + 3*i + 100 = 0. Determine x(w).
-3
Let n(f) = -181*f - 8. Let s(q) = -142*q - 7. Let m(r) = -3*n(r) + 4*s(r). Determine m(-4).
96
Let l = -321 + 326. Let p(u) = 4*u**2 + 0 - 297*u**3 + 296*u**3 - 5 + 12*u - 7*u. Determine p(l).
-5
Let c = -6304 - -6309. Let u be 4/6 - (-4)/3. Let f(v) = -6*v + 4*v - 2*v**2 + v**u + c*v + 8. Give f(6).
-10
Let v(w) = 3*w**2 - 5. Let p be 6/(-6*9/36). Determine v(p).
43
Let i(v) = -4*v**2 + 3*v - 1. Suppose -4*l + 43 = -25. Let n(t) = t**3 - 18*t**2 + 19*t - 31. Let r be n(l). Suppose r - 5 = -a. What is i(a)?
-11
Let z be ((-9)/(-4))/(5/20). Suppose 15 = 3*m - m + 3*c, 3 = c. Let n(h) = 14*h**m + 4*h - z*h**3 + 1 - 5*h. Calculate n(1).
5
Suppose -2*q = -12*q + 80. Let c(w) = w - 8. Let b(p) = 1. Let a(o) = -4*b(o) + c(o). Let i be a(q). Let t(v) = -v - 5. Give t(i).
-1
Suppose 0 = 3*c + 4*s - 71 + 24, -37 = -2*c + 3*s. Let b(f) = 6*f - 21. What is b(c)?
81
Let g(q) = -2*q - 29. Let d(z) = -z - 14. Let n(c) = 7*d(c) - 3*g(c). Calculate n(-15).
4
Let o(r) = r**3 - 2*r**2 - 5*r + 2. Let q(f) = -4*f + 0*f + 26*f + 21 + 22 + f**2. Let w be q(-20). Give o(w).
-4
Suppose 0 = -5*x + 4*l + 45, -3*x - l - 11 + 21 = 0. Suppose -w = 4 - 5. Let h(u) = u. Let q(d) = -2*d - 1. Let z(g) = w*q(g) + x*h(g). What is z(2)?
5
Let t = 45 + -53. Let h(d) = -d**3 - 8*d**2 + d - 3. Let c be h(t). Let w be 3/9*1 - c/3. Let l(m) = -m**3 + 4*m**2 - m + 5. What is l(w)?
1
Suppose 2*t - q - 3 = 0, -146 = q - 153. Let p(n) = 2*n**3 + 5*n**2 + 3. Let z(g) = 3*g**3 + 5*g**2 + g + 4. Let d(h) = 4*p(h) - 3*z(h). Determine d(t).
-15
Let w be 12/(-27)*999/74. Let f(t) = -t**3 - 4*t**2 + 6*t - 1. What is f(w)?
35
Let h = 75 - 53. Suppose 2*k - 21 = -0*k + 3*x, -h = -4*k + 2*x. Let g(t) = 6*t - 3*t - 2 + t**3 + 0*t**k - 2 + 5*t**2. Give g(-4).
0
Let m(r) = r**2 - 114*r + 3115. Let t be m(69). Let w(y) = -y**2 + 5*y + 30. What is w(t)?
-20
Let l(s) = -121*s + 1. Let p(a) = -28*a. Let n(u) = 6*l(u) - 26*p(u). Give n(-5).
-4
Let v(k) = 79036*k - 3 + 2*k**3 - 2*k**2 + 1 - 79033*k. Let b(u) = -2*u - 21. Let w be b(-11). Determine v(w).
1
Let i(w) = -670*w - 4021. Let d be i(-6). Let a(x) = -57*x**2 - x + 3. Give a(d).
-53
Let u = 495 + -500. Let x(f) = 12*f + 12. Determine x(u).
-48
Let v(h) = -8*h - 6. Let a(n) = -27*n - 87. Let p(q) = a(q) - 4*v(q). Determine p(29).
82
Let r(d) be the third derivative of 5/6*d**3 + 65*d**2 - 1/8*d**4 + 0 + 0*d. Determine r(3).
-4
Let b(v) = -18*v - 122. Let j be b(-7). Let t(a) = j - 30*a + 93*a - 67*a. Calculate t(8).
-28
Let b(c) = 9*c**3 + 3*c**2 - 5*c + 6. Let z be b(2). Let p = 104 - z. Let g(d) = 6*d - p - 5*d - 28 + 49. Determine g(0).
-3
Let l(r) be the first derivative of -2/3*r**3 + 122 + 11*r - 4*r**2. What is l(-5)?
1
Let w(f) = 8*f + 64 - 94 + 15*f - 21*f. Determine w(5).
-20
Let r(i) = i + 7. Suppose 9*m - 3*m = 108. Let t(z) = 5 - 2*z + 2 - m. Let c(g) = -8*r(g) - 5*t(g). Give c(4).
7
Let j(s) = 18*s - 4. Let a(f) = 19*f - 3. Let x(q) = 3*a(q) - 2*j(q). Let k(d) = 2*d - 27. Let r be k(15). Suppose 5*l + i = -4*i, 2*i + r = l. 